{"id":3484,"date":"2017-01-22T13:11:06","date_gmt":"2017-01-22T13:11:06","guid":{"rendered":"http:\/\/www.vinaminni.is\/?page_id=3484"},"modified":"2026-04-19T14:53:06","modified_gmt":"2026-04-19T14:53:06","slug":"vidburdadagatal","status":"publish","type":"page","link":"https:\/\/www.vinaminni.is\/?page_id=3484","title":{"rendered":"Leiksk\u00f3ladagatal"},"content":{"rendered":"<div class=\"wpb-content-wrapper\"><p>[vc_row][vc_column][vc_message message_box_style=&#8220;solid-icon&#8220; message_box_color=&#8220;green&#8220; css_animation=&#8220;fadeIn&#8220; css=&#8220;&#8220;]<\/p>\n<p style=\"text-align: left;\"><a href=\"http:\/\/www.vinaminni.is\/wp-content\/uploads\/2025\/08\/Leikskoladagatal-Vinaminni-2025-2026-1.pdf\">Leiksk\u00f3ladagatal Vinaminni 2025 &#8211; 2026<\/a><\/p>\n<p>[\/vc_message][vc_empty_space][vc_message message_box_style=&#8220;solid-icon&#8220; message_box_color=&#8220;orange&#8220; icon_fontawesome=&#8220;fas fa-sun&#8220; css_animation=&#8220;fadeIn&#8220; css=&#8220;&#8220;]<\/p>\n<p style=\"text-align: left;\"><strong>Sumarfr\u00ed 2026<\/strong><br \/>\nLeiksk\u00f3linn Vinaminni ver\u00f0ur loka\u00f0ur vegna sumarleyfa \u00ed j\u00fal\u00ed<br \/>\n\u00fe.e. mi\u00f0vikudaginn 1. j\u00fal\u00ed til \u00feri\u00f0judagsins 4. \u00e1g\u00fast a\u00f0 b\u00e1\u00f0um d\u00f6gum me\u00f0t\u00f6ldum.<br \/>\nB\u00f6rnin m\u00e6ta aftur mi\u00f0vikudaginn 5. \u00e1g\u00fast 2026<br \/>\nA\u00f0l\u00f6gun n\u00fdrra barna hefst 10. \u00e1g\u00fast<\/p>\n<p>[\/vc_message][vc_empty_space][vc_message message_box_style=&#8220;solid-icon&#8220; message_box_color=&#8220;green&#8220; icon_fontawesome=&#8220;far fa-laugh-beam&#8220; css=&#8220;&#8220;]Opi\u00f0 h\u00fas er \u00ed leiksk\u00f3lanum fimmtudaginn 23. apr\u00edl 2026<\/p>\n<p>Veri\u00f0 velkomin \u00e1 uppskeruh\u00e1t\u00ed\u00f0 og s\u00fdningu barnanna ykkar og endilega taki\u00f0 me\u00f0 fj\u00f6lskyldu og vini til a\u00f0 gle\u00f0jast me\u00f0 okkur.[\/vc_message][vc_empty_space][vc_message message_box_style=&#8220;solid-icon&#8220; message_box_color=&#8220;green&#8220; icon_fontawesome=&#8220;fas fa-home&#8220; css_animation=&#8220;fadeIn&#8220; css=&#8220;&#8220;]<\/p>\n<p style=\"text-align: left;\">Skipulagsdagur m\u00e1nudaginn 16. mars 2026<\/p>\n<p style=\"text-align: left;\">Loka\u00f0 ver\u00f0ur \u00feann dag \u00ed leiksk\u00f3lanum<\/p>\n<p>[\/vc_message][vc_empty_space][vc_empty_space][vc_empty_space][\/vc_column][\/vc_row][vc_row][vc_column][\/vc_column][\/vc_row][vc_row][vc_column][\/vc_column][\/vc_row][vc_row][vc_column][\/vc_column][\/vc_row][vc_row][vc_column][vc_empty_space][\/vc_column][\/vc_row][vc_row][vc_column][\/vc_column][\/vc_row][vc_row][vc_column][vc_empty_space][\/vc_column][\/vc_row][vc_row][vc_column][\/vc_column][\/vc_row]<\/p>\n<\/div>","protected":false},"excerpt":{"rendered":"<p>[vc_row][vc_column][vc_message message_box_style=&#8220;solid-icon&#8220; message_box_color=&#8220;green&#8220; css_animation=&#8220;fadeIn&#8220; css=&#8220;&#8220;] Leiksk\u00f3ladagatal Vinaminni 2025 &#8211; 2026 [\/vc_message][vc_empty_space][vc_message message_box_style=&#8220;solid-icon&#8220; message_box_color=&#8220;orange&#8220; icon_fontawesome=&#8220;fas fa-sun&#8220; css_animation=&#8220;fadeIn&#8220; css=&#8220;&#8220;] Sumarfr\u00ed 2026 Leiksk\u00f3linn Vinaminni ver\u00f0ur loka\u00f0ur vegna sumarleyfa \u00ed j\u00fal\u00ed \u00fe.e. mi\u00f0vikudaginn 1. j\u00fal\u00ed til \u00feri\u00f0judagsins 4. \u00e1g\u00fast a\u00f0 b\u00e1\u00f0um d\u00f6gum me\u00f0t\u00f6ldum. B\u00f6rnin m\u00e6ta aftur mi\u00f0vikudaginn 5. \u00e1g\u00fast 2026 A\u00f0l\u00f6gun n\u00fdrra barna hefst 10. \u00e1g\u00fast [\/vc_message][vc_empty_space][vc_message message_box_style=&#8220;solid-icon&#8220; message_box_color=&#8220;green&#8220; [&hellip;]<\/p>\n","protected":false},"author":3,"featured_media":0,"parent":0,"menu_order":0,"comment_status":"closed","ping_status":"closed","template":"","meta":{"footnotes":"","_wpscppro_dont_share_socialmedia":false,"_wpscppro_custom_social_share_image":0,"_facebook_share_type":"default","_twitter_share_type":"default","_linkedin_share_type":"default","_pinterest_share_type":"default","_linkedin_share_type_page":"","_instagram_share_type":"default","_medium_share_type":"default","_threads_share_type":"default","_google_business_share_type":"default","_selected_social_profile":[],"_wpsp_enable_custom_social_template":false,"_wpsp_social_scheduling":{"enabled":false,"datetime":null,"platforms":[],"status":"template_only","dateOption":"today","timeOption":"now","customDays":"","customHours":"","customDate":"","customTime":"","schedulingType":"absolute"},"_wpsp_active_default_template":true},"class_list":["post-3484","page","type-page","status-publish","hentry"],"_links":{"self":[{"href":"https:\/\/www.vinaminni.is\/index.php?rest_route=\/wp\/v2\/pages\/3484","targetHints":{"allow":["GET"]}}],"collection":[{"href":"https:\/\/www.vinaminni.is\/index.php?rest_route=\/wp\/v2\/pages"}],"about":[{"href":"https:\/\/www.vinaminni.is\/index.php?rest_route=\/wp\/v2\/types\/page"}],"author":[{"embeddable":true,"href":"https:\/\/www.vinaminni.is\/index.php?rest_route=\/wp\/v2\/users\/3"}],"replies":[{"embeddable":true,"href":"https:\/\/www.vinaminni.is\/index.php?rest_route=%2Fwp%2Fv2%2Fcomments&post=3484"}],"version-history":[{"count":129,"href":"https:\/\/www.vinaminni.is\/index.php?rest_route=\/wp\/v2\/pages\/3484\/revisions"}],"predecessor-version":[{"id":7791,"href":"https:\/\/www.vinaminni.is\/index.php?rest_route=\/wp\/v2\/pages\/3484\/revisions\/7791"}],"wp:attachment":[{"href":"https:\/\/www.vinaminni.is\/index.php?rest_route=%2Fwp%2Fv2%2Fmedia&parent=3484"}],"curies":[{"name":"wp","href":"https:\/\/api.w.org\/{rel}","templated":true}]}}